{"id":2005,"date":"2020-09-22T13:21:48","date_gmt":"2020-09-22T11:21:48","guid":{"rendered":"http:\/\/iuexterior.org\/?page_id=2005"},"modified":"2022-02-07T19:55:22","modified_gmt":"2022-02-07T18:55:22","slug":"afiliacion","status":"publish","type":"page","link":"https:\/\/iuexterior.org\/eu\/afiliacion\/","title":{"rendered":"Afiliazioa"},"content":{"rendered":"<blockquote class=\"wp-block-quote is-layout-flow wp-block-quote-is-layout-flow\"><p class=\"translation-block\"><em>\"Zer litzateke mundu hau militanterik gabe? Nolakoa litzateke giza izaera militanterik ez balego? Ez militanteak perfektuak direlako, beti arrazoia dutelako, supergizonak direlako eta oker ez daudelako. Ez da hori. Militanteak ez daude bere onurarako, amets sorta baten truke arima uztera datoz. Zeren, azken finean, giza izaeraren aurrerapena ezinbestean eskatzen baitu zoriontsu senti dadila bere bizitza giza aurrerabidearen zerbitzura jarriz. Militantea izatea ez da sakrifizio-gurutze batekin kargatzea, zentzu traszendentaleko askatasunaren alde borroka egitearen barne-loria bizitzea da. \"\u2013\u00a0<strong>Pepe M\u00fajica Cordano<\/strong>, Uruguaiko Errepublikako presidente ohia<\/em><\/p><\/blockquote>\n\n\n\n<p class=\"wp-block-paragraph translation-block\"><strong>Izquierda Unidan <\/strong>bi militantzia-maila ezberdin ditugu: jarraitzailea eta afiliatua<strong>Jarraitzaileak <\/strong>\u00a0eta<strong>Afiliatuak<\/strong>. \nBi kasuetan, izena emateko atzerrirako posta-kode jakin bat sartu behar duzu izen emate orrian::<\/p>\n\n\n\n<ul class=\"wp-block-list\"><li>&#x1f1e7;&#x1f1ea; Bruselas \u2013 53002<\/li><li>&#x1f1eb;&#x1f1f7; Toulouse \u2013 53001<\/li><li>&#x1f1eb;&#x1f1f7; Lyon \u2013 53030<\/li><li>&#x1f1e9;&#x1f1ea; Berl\u00edn \u2013 53004<\/li><li>&#x1f1e9;&#x1f1ea; Frankfurt \u2013 53005<\/li><li>&#x1f1f1;&#x1f1fa; Luxemburgo \u2013 53999<\/li><li>&#x1f1e8;&#x1f1ed; Z\u00farich \u2013 53039<\/li><li>&#x1f5fa; Resto del mundo \u2013 53040<\/li><\/ul>\n\n\n\n<h3 class=\"wp-block-heading\" id=\"titulo_afiliacion\">Jarraitzaileak<\/h3>\n\n\n\n<p class=\"wp-block-paragraph translation-block\">Jarraitzaile gisa, <strong>Izquierda Unida<\/strong>,jarduerei, posizionamenduei eta proposamenei buruzko informazioa jasotzeko, deitzen diren bileretan eta lanketa kolektiborako arlotan, ekintzaileen sareen eta asanblada irekietan parte hartzeko eskubidea izango duzu. Gainera, antolakuntzaren barne prozesu batzuetan ere bozkatu ahal izango duzu, adibidez, hauteskunde zerrendak osatzeko primarioetan edo hauteskundetarako aliantza-politikak erabakitzeko erreferendumetan. Jarraitzailearen eskubide eta betebeharren zerrenda osoa Izquierda Unidaren Estatutuen 31. artikuluan dago deskribatuta.\n\u00a0<a href=\"http:\/\/izquierdaunida.org\/estatutos\/\" target=\"_self\" rel=\"noreferrer noopener\">Estatutos<\/a>\u00a0de\u00a0<strong>Izquierda Unida<\/strong>.<\/p>\n\n\n\n<p class=\"wp-block-paragraph translation-block\"><strong>Jarraitzaile bezala izen emateko, 16 urte izan behar dira gutxienez eta ez da ezer ordaindu behar afiliazio-kuota gisa.<\/strong>. Jarraitzaile izan nahi baduzu, hurbilen duzun Izquierda Unidaren tokiko batzarrera gerturatu zaitezke, edo, nahiago baduzu, eskaera online ere egin dezakezu, hemen aurki dezakezun inprimakia betez:<\/p>\n\n\n\n<figure class=\"wp-block-pullquote is-style-solid-color\"><blockquote><p><a href=\"https:\/\/militancia.izquierdaunida.org\/alta_simpatizante\" target=\"_blank\" rel=\"noreferrer noopener\"><strong>IUko jarraitzaile bezala alta emateko inprimakia (gazteleraz)<\/strong><\/a><\/p><\/blockquote><\/figure>\n\n\n\n<p class=\"wp-block-paragraph translation-block\">Kontsultaren bat egin nahi badiguzu, <a href=\"mailto:simpatizantes@izquierdaunida.org\" target=\"_self\" rel=\"noreferrer noopener\">exterior@izquierdaunida.org<\/a> helbidera idatziguzu<\/p>\n\n\n\n<hr class=\"wp-block-separator\"\/>\n\n\n\n<h3 class=\"wp-block-heading\">Afiliatuak<\/h3>\n\n\n\n<p class=\"wp-block-paragraph translation-block\">Afiliazioak erabateko partaidetza-maila ematen du Izquierda Unidan, eta zure borondateari, aukerei eta eskuragarritasunari egokitutako jarduera-konpromisoa hartuz. Afiliatuen eskubide eta betebeharren zerrenda osoa Izquierda Unidaren <a href=\"http:\/\/izquierdaunida.org\/estatutos\/\" target=\"_self\" rel=\"noreferrer noopener\">estatutuetako<\/a> 13. artikuluan dago deskribatuta.<\/p>\n\n\n\n<p class=\"wp-block-paragraph translation-block\">Ez zaie onartuko<strong>Izquierda Unida<\/strong>afiliatzea modu frogatuan<\/p>\n\n\n\n<ul class=\"wp-block-list\"><li>Eredu kapitalistaren defentsarako posizio publikoak dituzten<\/li><li>Indarkeria matxistaren edo ingurumenaren aurkako erasoen ekintzen alde dauden edo ekintza horien parte izan direla adierazi duten<\/li><li>Desberdintasun pertsonalekiko, arrazari, fisikoari, kulturari, erlijioari, sexu-aukerari edo genero-indentitateari dagokien errespetuaren aurkako jarrerak dituzten<\/li><li>Animaliei tratu txarrak ematen dizkieten\npertsonei.<\/li><\/ul>\n\n\n\n<p class=\"wp-block-paragraph translation-block\"><strong>Afiliatu-izaerak adinez nagusia izatea eskatzen du eta gastu ekonomikoa dakar afiliazio-kuota gisa. <\/strong>. Afiliatu nahi baduzu, hurbilen duzun Izquierda Unidaren tokiko asanbladara hurbildu zaitezke, edo, nahiago baduzu, eskabidea online ere egin dezakezu, ondoren dagoen inprimakia betez:<\/p>\n\n\n\n<figure class=\"wp-block-pullquote is-style-solid-color\"><blockquote><p><a href=\"https:\/\/militancia.izquierdaunida.org\/alta_afiliado\" target=\"_blank\" rel=\"noreferrer noopener\"><strong>IUko afiliatu gisa alta emateko inprimakia (gazteleraz)<\/strong><\/a><\/p><\/blockquote><\/figure>\n\n\n\n<p class=\"wp-block-paragraph translation-block\">Kontsultaren bat egin nahi badiguzu, <a href=\"mailto:simpatizantes@izquierdaunida.org\" target=\"_self\" rel=\"noreferrer noopener\">exterior@izquierdaunida.org<\/a> helbidera idatziguzu<\/p>\n\n\n\n<h3 class=\"wp-block-heading\">Atxekitutako fitxategiak:<\/h3>\n\n\n\n<ul class=\"wp-block-list\"><li><img decoding=\"async\" src=\"https:\/\/izquierdaunida.org\/wp-content\/plugins\/download-attachments\/images\/ext\/pdf.gif\" alt=\"pdf\">&nbsp;<a href=\"https:\/\/izquierdaunida.org\/descargar-adjunto\/e89Suh1RYif0R3RaEJG5GeGFPCv6KzokUyEKUcHtlpo,\" target=\"_blank\" rel=\"noreferrer noopener\">Izquierda Unidako afiliazio-fitxa (gazteleraz)<\/a><\/li><\/ul>","protected":false},"excerpt":{"rendered":"<p>\u00ab\u00bfQu\u00e9 ser\u00eda de este mundo sin militantes?, \u00bfC\u00f3mo ser\u00eda la condici\u00f3n humana si no hubiera militantes? No porque los militantes sean perfectos, porque tengan siempre la raz\u00f3n, porque sean superhombres &hellip;<\/p>","protected":false},"author":2,"featured_media":1459,"parent":0,"menu_order":0,"comment_status":"closed","ping_status":"closed","template":"","meta":{"footnotes":""},"class_list":["post-2005","page","type-page","status-publish","has-post-thumbnail",""],"_links":{"self":[{"href":"https:\/\/iuexterior.org\/eu\/wp-json\/wp\/v2\/pages\/2005","targetHints":{"allow":["GET"]}}],"collection":[{"href":"https:\/\/iuexterior.org\/eu\/wp-json\/wp\/v2\/pages"}],"about":[{"href":"https:\/\/iuexterior.org\/eu\/wp-json\/wp\/v2\/types\/page"}],"author":[{"embeddable":true,"href":"https:\/\/iuexterior.org\/eu\/wp-json\/wp\/v2\/users\/2"}],"replies":[{"embeddable":true,"href":"https:\/\/iuexterior.org\/eu\/wp-json\/wp\/v2\/comments?post=2005"}],"version-history":[{"count":11,"href":"https:\/\/iuexterior.org\/eu\/wp-json\/wp\/v2\/pages\/2005\/revisions"}],"predecessor-version":[{"id":2573,"href":"https:\/\/iuexterior.org\/eu\/wp-json\/wp\/v2\/pages\/2005\/revisions\/2573"}],"wp:featuredmedia":[{"embeddable":true,"href":"https:\/\/iuexterior.org\/eu\/wp-json\/wp\/v2\/media\/1459"}],"wp:attachment":[{"href":"https:\/\/iuexterior.org\/eu\/wp-json\/wp\/v2\/media?parent=2005"}],"curies":[{"name":"wp","href":"https:\/\/api.w.org\/{rel}","templated":true}]}}

<blockquote class="wp-block-quote is-layout-flow wp-block-quote-is-layout-flow"><p class="translation-block"><em>"Zer litzateke mundu hau militanterik gabe? Nolakoa litzateke giza izaera militanterik ez balego? Ez militanteak perfektuak direlako, beti arrazoia dutelako, supergizonak direlako eta oker ez daudelako. Ez da hori. Militanteak ez daude bere onurarako, amets sorta baten truke arima uztera datoz. Zeren, azken finean, giza izaeraren aurrerapena ezinbestean eskatzen baitu zoriontsu senti dadila bere bizitza giza aurrerabidearen zerbitzura jarriz. Militantea izatea ez da sakrifizio-gurutze batekin kargatzea, zentzu traszendentaleko askatasunaren alde borroka egitearen barne-loria bizitzea da. "– <strong>Pepe Mújica Cordano</strong>, Uruguaiko Errepublikako presidente ohia</em></p></blockquote>



<p class="wp-block-paragraph translation-block"><strong>Izquierda Unidan </strong>bi militantzia-maila ezberdin ditugu: jarraitzailea eta afiliatua<strong>Jarraitzaileak </strong> eta<strong>Afiliatuak</strong>. 
Bi kasuetan, izena emateko atzerrirako posta-kode jakin bat sartu behar duzu izen emate orrian::</p>



<ul class="wp-block-list"><li>&#x1f1e7;&#x1f1ea; Bruselas – 53002</li><li>&#x1f1eb;&#x1f1f7; Toulouse – 53001</li><li>&#x1f1eb;&#x1f1f7; Lyon – 53030</li><li>&#x1f1e9;&#x1f1ea; Berlín – 53004</li><li>&#x1f1e9;&#x1f1ea; Frankfurt – 53005</li><li>&#x1f1f1;&#x1f1fa; Luxemburgo – 53999</li><li>&#x1f1e8;&#x1f1ed; Zúrich – 53039</li><li>&#x1f5fa; Resto del mundo – 53040</li></ul>



<h3 class="wp-block-heading" id="titulo_afiliacion">Jarraitzaileak</h3>



<p class="wp-block-paragraph translation-block">Jarraitzaile gisa, <strong>Izquierda Unida</strong>,jarduerei, posizionamenduei eta proposamenei buruzko informazioa jasotzeko, deitzen diren bileretan eta lanketa kolektiborako arlotan, ekintzaileen sareen eta asanblada irekietan parte hartzeko eskubidea izango duzu. Gainera, antolakuntzaren barne prozesu batzuetan ere bozkatu ahal izango duzu, adibidez, hauteskunde zerrendak osatzeko primarioetan edo hauteskundetarako aliantza-politikak erabakitzeko erreferendumetan. Jarraitzailearen eskubide eta betebeharren zerrenda osoa Izquierda Unidaren Estatutuen 31. artikuluan dago deskribatuta.
 <a href="http://izquierdaunida.org/estatutos/" target="_self" rel="noreferrer noopener">Estatutos</a> de <strong>Izquierda Unida</strong>.</p>



<p class="wp-block-paragraph translation-block"><strong>Jarraitzaile bezala izen emateko, 16 urte izan behar dira gutxienez eta ez da ezer ordaindu behar afiliazio-kuota gisa.</strong>. Jarraitzaile izan nahi baduzu, hurbilen duzun Izquierda Unidaren tokiko batzarrera gerturatu zaitezke, edo, nahiago baduzu, eskaera online ere egin dezakezu, hemen aurki dezakezun inprimakia betez:</p>



<figure class="wp-block-pullquote is-style-solid-color"><blockquote><p><a href="https://militancia.izquierdaunida.org/alta_simpatizante" target="_blank" rel="noreferrer noopener"><strong>IUko jarraitzaile bezala alta emateko inprimakia (gazteleraz)</strong></a></p></blockquote></figure>



<p class="wp-block-paragraph translation-block">Kontsultaren bat egin nahi badiguzu, <a href="mailto:simpatizantes@izquierdaunida.org" target="_self" rel="noreferrer noopener">exterior@izquierdaunida.org</a> helbidera idatziguzu</p>



<hr class="wp-block-separator"/>



<h3 class="wp-block-heading">Afiliatuak</h3>



<p class="wp-block-paragraph translation-block">Afiliazioak erabateko partaidetza-maila ematen du Izquierda Unidan, eta zure borondateari, aukerei eta eskuragarritasunari egokitutako jarduera-konpromisoa hartuz. Afiliatuen eskubide eta betebeharren zerrenda osoa Izquierda Unidaren <a href="http://izquierdaunida.org/estatutos/" target="_self" rel="noreferrer noopener">estatutuetako</a> 13. artikuluan dago deskribatuta.</p>



<p class="wp-block-paragraph translation-block">Ez zaie onartuko<strong>Izquierda Unida</strong>afiliatzea modu frogatuan</p>



<ul class="wp-block-list"><li>Eredu kapitalistaren defentsarako posizio publikoak dituzten</li><li>Indarkeria matxistaren edo ingurumenaren aurkako erasoen ekintzen alde dauden edo ekintza horien parte izan direla adierazi duten</li><li>Desberdintasun pertsonalekiko, arrazari, fisikoari, kulturari, erlijioari, sexu-aukerari edo genero-indentitateari dagokien errespetuaren aurkako jarrerak dituzten</li><li>Animaliei tratu txarrak ematen dizkieten
pertsonei.</li></ul>



<p class="wp-block-paragraph translation-block"><strong>Afiliatu-izaerak adinez nagusia izatea eskatzen du eta gastu ekonomikoa dakar afiliazio-kuota gisa. </strong>. Afiliatu nahi baduzu, hurbilen duzun Izquierda Unidaren tokiko asanbladara hurbildu zaitezke, edo, nahiago baduzu, eskabidea online ere egin dezakezu, ondoren dagoen inprimakia betez:</p>



<figure class="wp-block-pullquote is-style-solid-color"><blockquote><p><a href="https://militancia.izquierdaunida.org/alta_afiliado" target="_blank" rel="noreferrer noopener"><strong>IUko afiliatu gisa alta emateko inprimakia (gazteleraz)</strong></a></p></blockquote></figure>



<p class="wp-block-paragraph translation-block">Kontsultaren bat egin nahi badiguzu, <a href="mailto:simpatizantes@izquierdaunida.org" target="_self" rel="noreferrer noopener">exterior@izquierdaunida.org</a> helbidera idatziguzu</p>



<h3 class="wp-block-heading">Atxekitutako fitxategiak:</h3>



<ul class="wp-block-list"><li><img decoding="async" src="https://izquierdaunida.org/wp-content/plugins/download-attachments/images/ext/pdf.gif" alt="pdf">&nbsp;<a href="https://izquierdaunida.org/descargar-adjunto/e89Suh1RYif0R3RaEJG5GeGFPCv6KzokUyEKUcHtlpo," target="_blank" rel="noreferrer noopener">Izquierda Unidako afiliazio-fitxa (gazteleraz)</a></li></ul>

<p>«¿Qué sería de este mundo sin militantes?, ¿Cómo sería la condición humana si no hubiera militantes? No porque los militantes sean perfectos, porque tengan siempre la razón, porque sean superhombres &hellip;</p>
